9 + -4?
3
Calculate (3 - -2 - 11) + 7.
1
What is -4 + (9 - -3) - 7?
1
Calculate 3 + -5 - -5 - (3 + 0).
0
Evaluate (-3 - (-4 - -4)) + -2 + 1.
-4
1 + (-4 - (-14 - -7 - -7))
-3
Evaluate 4 + -2 - (-1 + (-3 - 4)).
10
Evaluate -1 + (1 + -1 - -1).
0
What is the value of 5 - 8 - -7 - 3?
1
4 + 0 + 2 + 3 - 5
4
What is the value of (-2 - 2) + -5 + (5 - -3)?
-1
Calculate -6 + 8 + -4 + 9.
7
8 + -8 + (-1 - -6)
5
What is the value of -2 - (-1 - (-3 - -8)) - 0?
4
What is the value of -1 - (0 + -4 - -1)?
2
Calculate 19 + -12 + (1 - 4).
4
Calculate -6 + 8 + (0 - 6).
-4
What is 0 + 2 - (7 - 13 - -6)?
2
Evaluate -3 + (3 - -6 - 6) - -3.
3
What is 2 - 0 - 1 - (26 + -19)?
-6
-4 + 2 - -2 - (-23 + 26)
-3
What is -9 - 1 - (-16 + 6)?
0
Evaluate (1 - 7) + (2 - -5 - 5).
-4
Evaluate 2 - (0 + (-3 - -2)).
3
Evaluate (15 - (14 + -12)) + -19.
-6
4 - 1 - (-10 + 8) - 8
-3
Evaluate 0 + -1 + -2 + -2 + 1.
-4
What is (5 - (3 + 4 + -4)) + 0?
2
What is -6 - -4 - (-8 + 9 + -4)?
1
2 - (-6 + 6 + 4)
-2
Evaluate 0 + (2 - 1) - -4.
5
What is -3 + -6 + 3 + 0?
-6
What is the value of -1 + (-2 - -5) + -4 + 7?
5
-11 + (9 - 16) + 15
-3
What is the value of (38 - 37) + -4 + -1?
-4
1 - (1 + (-1 - (-5 - -2)))
-2
Evaluate (2 - (1 + 3)) + 0.
-2
Evaluate (3 - -1) + (3 - 4).
3
What is the value of 0 + 0 + (-3 - -3)?
0
Calculate -8 + (6 + -10 - -16).
4
(20 - 10) + -10 - (1 - -1)
-2
What is the value of -7 + (4 - -1) + 0?
-2
What is the value of 3 + 5 + -3 - 9?
-4
5 + 1 + (3 - 7) - 0
2
Evaluate -5 + -8 + (-4 + 7 - -4).
-6
What is -3 - (-2 - -1 - -1 - 3)?
0
What is 15 - 4 - (-15 + 18)?
8
Calculate 2 - ((0 - -2) + -3).
3
Evaluate 12 + -2 + -3 + -3.
4
What is the value of -6 + 10 + -3 + -4 + 7?
4
What is -9 + 7 + -6 + 6 + -1?
-3
What is the value of 1 - 2 - ((-2 - -7) + -1)?
-5
-4 - -2 - 0 - -2 - -4
4
Calculate -148 + 154 - (11 - 1).
-4
Calculate (-1 - 1) + -3 + -2 + 6.
-1
Evaluate 5 + (-2 - -3) - (-11 + 13).
4
What is 1 - 1 - (14 + -13)?
-1
Calculate -5 - (-6 + 7 + 3 - 3).
-6
Calculate 5 + (5 - (20 - 5)).
-5
(-1 - 0) + 0 + -3
-4
Evaluate (2 - 6) + 11 - (1 + -2).
8
What is the value of -5 + 29 + (-7 - 6)?
11
(1 - 3 - 1) + -1 + 7
3
-4 + (1 + (-1 - 3) - -11)
4
What is 4 + -1 + -1 + (5 - 8)?
-1
(-19 - (-8 - 0)) + 13
2
What is the value of 6 + (-7 - -17) + -7 + -2?
7
What is 10 - (-2 + 1 + 3)?
8
Evaluate 2 - (-2 - (0 - (3 + -2))).
3
-14 + 11 + -8 + (1 - -1)
-9
What is the value of 0 + 3 - (6 + 1)?
-4
-9 + 1 + 0 - -7
-1
Evaluate -1 - (-5 - 4) - 5.
3
6 + 7 + -11 - 3
-1
-6 + 3 + 1 - -1
-1
-13 + 19 - (-4 - -14)
-4
Calculate 11 - ((0 - -7) + -4 + 2).
6
What is the value of (19 - 6) + -7 + -7?
-1
What is 0 - 6 - (-2 - -1)?
-5
Evaluate -5 - (-7 + -1 + -26 + 26).
3
What is the value of -4 + (0 - -3) + -4?
-5
Calculate 19 + 0 + -10 + -1.
8
What is the value of 5 + (-7 - -2) - 0 - -2?
2
What is -1 + 2 - (0 - 1)?
2
Calculate -1 + 3 + -1 - (-9 - -15).
-5
Evaluate 2 + -1 - (-2 + 0) - 3.
0
What is -1 - -1 - (215 + -225)?
10
Evaluate 0 + 2 + -3 - -1.
0
What is -25 - (11 - (3 - -23))?
-10
What is (1 - -1) + 4 - 2?
4
Calculate (7 - (-3 + 7)) + -2 - -3.
4
-3 - ((-6 - 1) + (1 - -2))
1
What is the value of (2 - -1) + (4 - 7 - -5)?
5
1 + (-6 - -12 - (0 + 3))
4
Calculate (-12 - -5) + (-12 - -16).
-3
3 + -1 + 1 + 2
5
Evaluate -8 + 13 + (-5 - 1).
-1
0 + (-1 - -2 - -3 - -1)
5
Calculate (-8 - -1 - -11) + (0 - 3).
1
(-14 + 9 - (-2 - -1)) + 7
3
What is -1 + (1 - -1) + 147 + -151?
-3
What is the value of -7 + 8 - (1 - (0 - -1))?
1
What is the value of -4 + (5 - -2) + (-6 - 0)?
-3
Calculate -1 + 2 + -9 - (11 - 17).
-2
What is (0 - -4) + 16 + -12?
8
What is -6 + -9 + (17 - -7)?
9
What is the value of (-2 - 4 - -6) + (0 - -1)?
1
-5 + (-2 - (-10 + 10))
-7
Calculate (-3 + 2 - -4) + 5.
8
What is 1 + (-1 - -5) + -8 + 4?
1
What is the value of (-33 - -27) + (2 - 1)?
-5
Calculate 1 + -6 - (-9 - -16) - -3.
-9
Evaluate (-12 - (-6 + 3 + -2)) + 2.
-5
Evaluate 0 + -6 - (-32 - -37).
-11
Calculate 11 - (3 + (5 - (7 - 4))).
6
What is (7 + (-7 - -4) - -3) + -4?
3
What is the value of 4 - ((5 - 4) + -5 + 1)?
7
What is -1 - -5 - (7 - (-6 + 5))?
-4
What is 0 + 0 + 7 + 0?
7
What is the value of (4 - (4 + 1)) + 4?
3
Evaluate (-2 - -4) + (5 - 14).
-7
4 + -3 + -4 + 3
0
What is 11 + -12 + (4 - 10)?
-7
Calculate 3 - (4 + -4) - (1 + -1).
3
Evaluate 5 + 2 - (10 + -5).
2
Calculate 2 + 2 + -6 + 0.
-2
(20 + -11 - 7) + 1 + -3
0
Calculate 38 + -34 + (0 - (2 + 0)).
2
Calculate 0 - 7 - (-11 + 0).
4
Evaluate -7 + (10 + 7 - 7).
3
Evaluate (-5 - -12 - 1) + -2.
4
What is 0 - -3 - (1 + -1 - 2)?
5
What is the value of 1 + (2 - 0) - (16 + -8)?
-5
6 + (-7 - (-4 - -7)) - -1
-3
Calculate 45 + -55 + (-1 + 2 - -2).
-7
What is 3 + -4 + 0 - (3 + 0)?
-4
Calculate -1 + 1 + -4 + 6.
2
What is 1 - -3 - (23 + 19 + -41)?
3
1 - ((2 - 4) + (-1 - 1))
5
What is -28 - -28 - (-8 + -2)?
10
Evaluate 7 + 0 - (-6 + 10).
3
Calculate -7 - (7 + -8 - (0 - -2)).
-4
What is -2 + (5 - (-5 - (-4 - 1)))?
3
What is the value of -9 + 13 + (-1 - 0) - -2?
5
What is the value of 8 + 0 + (-1 - (-2 + 14))?
-5
What is the value of -52 - -57 - (1 - (0 + 1))?
5
5 - (-5 + 1 + 12)
-3
(-6 - 1) + 2 - -6
1
-9 + 1 - -16 - -1
9
Evaluate -5 + 2 + 5 + -2.
0
What is 1 - 5 - (-1 + -8)?
5
Calculate (-8 - -10) + (-4 - -1).
-1
Calculate -10 + 7 + 6 + -3.
0
-1 + (4 - (-2 + 9))
-4
Evaluate -3 - (1 - -3 - 7).
0
Evaluate 1 + -5 - -6 - 7.
-5
What is the value of 3 - (3 + (-4 - -3))?
1
What is the value of 8 + 2 + -15 - (-4 + -3)?
2
What is (-1 - -7) + -3 + -8?
-5
Calculate -9 + 3 - 0 - (-5 + 3).
-4
What is -4 + 1 + 4 + -1?
0
Evaluate -3 + 3 + (3 - -3).
6
What is 8 + (3 + -9 - -2)?
4
1 - 8 - (13 + -20)
0
What is the value of 9 + -14 + -1 + 0?
-6
Evaluate -1 + 3 - (4 - -1) - 0.
-3
What is the value of -1 + 2 - (5 + -13 + 8)?
1
What is the value of 0 - -3 - ((-2 - 2) + 5)?
2
15 + -13 + 1 + -3
0
What is the value of -4 + (5 - (3 - 2)) + 0?
0
Evaluate (-4 - -5) + 2 - 3.
0
Evaluate 4 + 0 + -7 + (9 - 5).
1
Evaluate 5 + -9 + (9 - 5).
0
-124 - -124 - (1 - -6)
-7
What is the value of 8 - ((10 - 1) + 5)?
-6
Calculate 2 + (-5 - -7) - (0 + -1).
5
-2 + (-4 - -7) - 1
0
(-7 - 0) + (0 - 0)
-7
What is 2 + (-4 - (-5 + 4))?
-1
Calculate (-1 - 1 - -4) + 3.
5
Evaluate 10 + 1 - 18 - 0.
-7
5 + -1 - 5 - 9 - 0
-10
Calculate 1 - (2 + -11 + 8).
2
Evaluate 2 - (1 - 1) - 0.
2
Evaluate 0 + -12 + 6 + 6.
0
What is the value of 58 + -60 - (2 + 4 - 1)?
-7
Evaluate 6 + -5 + 0 - 6.
-5
Evaluate -11 - (-3 - 9 - -4).
-3
What is 12 + (-23 - -10) + (0 - -4)?
3
22 + 3 + -14 + -14
-3
Calculate (-1 - (9 + -15)) + -9.
-4
What is -9 + 8 + -10 + 10?
-1
3 + -2 + -1 + -4
-4
12 + -13 + 2 + -3
-2
What is (-2 - -4) + -15 + 12?
-1
Evaluate (4 - (4 - 1)) + 0.
1
7 - (-22 + 27 - (2 + -4))
0
What is the value of -6 - (-1 - (12 - 6))?
1
What is 14 - 8 - 2 - -3?
7
What is (16 - 2) + (-34 - -23)?
3
What is 4 - 3 - (-1 - (-4 - 0))?
-2
-14 + 19 + -3 + 1 - -3
6
What is the value of (2 - (7 - 4) - 0) + 0?
-1
What is the value of -6 + -5 + (21 - 5) - 10?
-5
-47 - -38 - (-6 - (2 - 2))
-3
What is 10 + -28 + 18 - (1 - 5)?
4
What is -22 + 26 + (0 - 0)?
4
What is 1 - -1 - (5 - 8)?
5
What is -4 + -1 + (-27 - -35)?
3
-20 - -32 - (-3 - -5)
10
What is (-3 + 5 - 5 - -4) + -2?
-1
Calculate 0 - (-2 + -12 + 6).
8
Calculate 1 + (-3 - -1 - 2).
-3
Calculate -1 - (1 - (2 - 6)) - -4.
-2
What is the value of 6 + (39 - 46) + (2 - 1)?
0
-7 + 0 - (-8 - (4 + -5))
0
Calculate 0 - (0 - -7 - 2 - 1).
-4
What is the value of -1 + -2 + (3 - 2 - -8)?
6
Calculate (-12 - (-8 - -5)) + 3 - -11.
5
What is the value of 1 - (-4 - -7 - 5)?
3
What is the value of 204 + -211 - (0 - 2 - 15)?
10
What is 4 + (3 + -4 - -1) - 3?
1
Calculate 6 - (4 + -2 + 1).
3
Evaluate (6 - (0 + 8)) + -3.
-5
Evaluate 15 + -1 + (4 - 14).
4
(3 - 9) + -4 + 15
5
What is 2 + (-1 - (-15 - -11))?
5
What is (10 - 0) + -5 + -1 + -2?
2
Evaluate 14 - (8 + -6) - 11.
1
What is -2 + 13 - (-80 + 88)?
3
(-3 - -13) + -3 - 2
5
Calculate 4 + -4 + -4 + 0 + 9.
5
Calculate 10 + -5 - ((1 - -1) + 3).
0
Evaluate -1 + (7 - 9 - (-2 + 1)).
-2
Calculate -5 - (-2 + 4 + 3 - 12).
2
(-58 - -58) + 0 + 2
2
What is 7 - (0 - ((-5 - -6) + -5))?
3
Evaluate 8 + -3 + (-4 - -1).
2
2 - (-1 + -1) - (20 - 13)
-3
What is the value of -7 + (-1 + -1 - -8)?
-1
What is -5 + 22 + -12 - 6?
-1
Calculate -5 + 6 + 5 + 2.
8
Evaluate 0 + -1 - (-1 - (0 - 2)).
-2
Evaluate -12 + 6 - -10 - 6.
-2
Calculate 6 - (0 - -5) - (4 